3aa90
In base 9, what is -3 + 12865?
12862
In base 7, what is 34401 + 201?
34602
In base 6, what is -34 + 4252?
4214
In base 2, what is 11 + -101100010101?
-101100010010
In base 10, what is 10 + 387713?
387723
In base 14, what is -14 + -686?
-69a
In base 8, what is -25417 + 10?
-25407
In base 6, what is 23235 - 443?
22352
In base 15, what is 7e - 2d?
51
In base 13, what is -1056 - -c?
-1047
In base 16, what is 4b2 + 85a?
d0c
In base 2, what is -10010000110001 - 11?
-10010000110100
In base 12, what is 3b9a02 + -1?
3b9a01
In base 14, what is -31 - -ba4?
b73
In base 5, what is -13423241 + -10?
-13423301
In base 4, what is -111300001 - -110?
-111233231
In base 5, what is 4 + -41034430?
-41034421
In base 10, what is -1 + 37698?
37697
In base 4, what is 101 + -2200130?
-2200023
In base 9, what is 11272 + 147?
11430
In base 15, what is b0 - -4639?
46e9
In base 8, what is 502341 + -11?
502330
In base 3, what is 2011120101 + -11?
2011120020
In base 14, what is 2b77 + -68?
2b0d
In base 14, what is -4 - 12ad43?
-12ad47
In base 4, what is -230 + 123003?
122113
In base 16, what is -3ea - 10c?
-4f6
In base 4, what is 13130130 + -211?
13123313
In base 10, what is 245601 + 20?
245621
In base 6, what is -225455 + 11?
-225444
In base 16, what is 152a - -3?
152d
In base 3, what is 221220 - 12?
221201
In base 9, what is -101 - 68?
-170
In base 8, what is -23 - 6063?
-6106
In base 4, what is 12 + -213120201?
-213120123
In base 4, what is -11 + 1112211231?
1112211220
In base 13, what is -8320 - -3c?
-82b1
In base 2, what is -1010 + -11000101001011?
-11000101010101
In base 2, what is -101 + -1101000101110001011?
-1101000101110010000
In base 5, what is 10 - -10042220?
10042230
In base 6, what is -3044100 + 11?
-3044045
In base 5, what is -4 - -310140312?
310140303
In base 12, what is 2602 - 46?
2578
In base 2, what is 10111101011 - 1100?
10111011111
In base 10, what is 34078 - 0?
34078
In base 11, what is -4 + -376a?
-3773
In base 11, what is -1427 + -15a0?
-2a17
In base 15, what is 4b + -172?
-126
In base 2, what is -10000001111010 - -10?
-10000001111000
In base 14, what is -5475 + -14?
-5489
In base 15, what is -136d9 + 0?
-136d9
In base 10, what is -235 - 367?
-602
In base 13, what is -2b0 + -61?
-341
In base 3, what is 1211 + 22112?
101100
In base 2, what is 1100000000011001 - -101010?
1100000001000011
In base 7, what is -15223230 - 4?
-15223234
In base 9, what is 150 + 21?
171
In base 7, what is -10 - -101146?
101136
In base 4, what is 10 - -10230000?
10230010
In base 13, what is -5 - -187bb?
187b6
In base 11, what is 12403 - -a?
12412
In base 14, what is -170 - -55d4?
5464
In base 9, what is 224668 + -5?
224663
In base 10, what is -21996 + -2?
-21998
In base 15, what is 3 - 17606?
-17603
In base 2, what is -11110001111 - -1000110?
-11101001001
In base 3, what is 10 - -12120110?
12120120
In base 2, what is -1100110100010011 - 111?
-1100110100011010
In base 11, what is -47 - 12451?
-12498
In base 10, what is 36 + -5085?
-5049
In base 8, what is -12 - -3722?
3710
In base 10, what is 230765 + 2?
230767
In base 4, what is 21232 + 210113?
232011
In base 4, what is 202 - 1012?
-210
In base 6, what is 22252 + -113?
22135
In base 3, what is 1000 - -120210000?
120211000
In base 12, what is -91 - 831?
-902
In base 12, what is -2 - -47a76a?
47a768
In base 14, what is -5c9 - -169?
-460
In base 11, what is 9860 - -9?
9869
In base 6, what is -15202 - -11?
-15151
In base 3, what is -12102201112 - 0?
-12102201112
In base 3, what is -11211201 + -11?
-11211212
In base 10, what is -18 - 14567?
-14585
In base 4, what is -13213032 - 2?
-13213100
In base 12, what is a + -2b1b?
-2b11
In base 5, what is 104320 - -1?
104321
In base 5, what is 113424 + -2241?
111133
In base 7, what is -514655 + -10?
-514665
In base 9, what is -2373 - -112?
-2261
In base 13, what is 72c + -15c?
5a0
In base 2, what is 111010010100011110011 - -101?
111010010100011111000
In base 6, what is 1 - 402515?
-402514
In base 12, what is -41 + -b54b?
-b590
In base 4, what is 1011003333 + -3?
1011003330
In base 16, what is 5 - 27981?
-2797c
In base 7, what is 10 + -3254?
-3244
In base 15, what is -27 + -6?
-2d
In base 3, what is 1112010020 + -1012?
1112002001
In base 5, what is 1 - -411002?
411003
In base 16, what is -db59d0 + 3?
-db59cd
In base 10, what is 373 + 23?
396
In base 13, what is -824 - -3?
-821
In base 7, what is -5 - 1506?
-1514
In base 10, what is 84224 + -1?
84223
In base 4, what is 1113230220 - 10?
1113230210
In base 16, what is -31a5b - 0?
-31a5b
In base 7, what is -4 - 2015160?
-2015164
In base 11, what is -4371 - 27?
-4398
In base 6, what is 240 + 414?
1054
In base 5, what is -100021014 - 2?
-100021021
In base 16, what is 1 - b303?
-b302
In base 8, what is 55763 + -23?
55740
In base 10, what is 3393137 - 5?
3393132
In base 12, what is 27128 + 1?
27129
In base 15, what is -19d0a1 - 5?
-19d0a6
In base 6, what is 11204 - 35?
11125
In base 12, what is -b + 134?
125
In base 9, what is 72 - -15?
87
In base 10, what is -2 + -9121?
-9123
In base 12, what is 12 - -3749?
375b
In base 10, what is -65 + 2148?
2083
In base 4, what is -10001 + -2221?
-12222
In base 9, what is -127224 - 3?
-127227
In base 14, what is 2da - 68?
272
In base 3, what is 12020 - 201?
11112
In base 5, what is -2131040 - 1?
-2131041
In base 11, what is -4 - -8991?
8988
In base 10, what is -4 + 11458?
11454
In base 9, what is -32 + 2142?
2110
In base 5, what is 31 + -3312341?
-3312310
In base 16, what is -4b16 - -2?
-4b14
